{"id":7578,"date":"2022-09-28T16:11:03","date_gmt":"2022-09-28T16:11:03","guid":{"rendered":"https:\/\/oeirasdance.pt\/?post_type=mec-events&amp;p=7578"},"modified":"2022-09-28T16:11:03","modified_gmt":"2022-09-28T16:11:03","slug":"2a-audicao-grupos-de-competicao","status":"publish","type":"mec-events","link":"https:\/\/oeirasdance.pt\/en\/events\/2a-audicao-grupos-de-competicao\/","title":{"rendered":"2\u00aa Audi\u00e7\u00e3o Grupos de Competi\u00e7\u00e3o"},"content":{"rendered":"<p>No dia 8 de Outubro, ir\u00e3o realizar-se as audi\u00e7\u00f5es paras as turmas de Competi\u00e7\u00e3o da Oeiras Dance Academy (em hor\u00e1rio a definir consoante os grupos)<\/p>\n<p>A Oeiras Dance Academy ir\u00e1 seleccionar o grupo de alunos para representar a escola em festivais e competi\u00e7\u00f5es de dan\u00e7a nacionais e internacionais.<\/p>\n<p>Faz parte da miss\u00e3o da escola promover o desenvolvimento art\u00edstico dos nossos alunos e acreditamos que a participa\u00e7\u00e3o destes neste tipo de eventos, promove o desenvolvimento da sua maturidade performativa, assim como, o apuramento da t\u00e9cnica da dan\u00e7a e sua consequente avalia\u00e7\u00e3o e recompensa. A competitividade \u00e9 fomentada de forma saud\u00e1vel, passando mais por um incentivo \u00e0 socializa\u00e7\u00e3o, compromisso, dedica\u00e7\u00e3o, disciplina, gratifica\u00e7\u00e3o pessoal e possibilidade de imers\u00e3o art\u00edstica!<\/p>\n<p>Ap\u00f3s a selec\u00e7\u00e3o dos alunos, ir-se-\u00e0 delinear um plano de candidatura para os diferentes festivais e competi\u00e7\u00f5es, baseado nas potencialidades dos alunos.<\/p>\n<p>Idade m\u00ednima: 8 anos<\/p>\n<p>Crit\u00e9rios de Avalia\u00e7\u00e3o:<br \/>\n&#8211; t\u00e9cnica de dan\u00e7a<br \/>\n&#8211; expressividade<br \/>\n&#8211; capacidade de memoriza\u00e7\u00e3o de coreografia<br \/>\n&#8211; potencial de evolu\u00e7\u00e3o<\/p>\n<p>Estrutura da Audi\u00e7\u00e3o:<br \/>\n&#8211; Breve aquecimento t\u00e9cnico<br \/>\n&#8211; Passagem de coreografia pelo core\u00f3grafo do estilo.<br \/>\n&#8211; Mostra de coreografias feitas pelos candidatos (estas coreografias devem ter no m\u00e1ximo 1 minuto, e servem para avaliar a capacidade interpretativa do candidato; devem enviar a m\u00fasica por email at\u00e9 24 horas antes.)<\/p>\n<p>Os resultados ser\u00e3o anunciados na semana ap\u00f3s a audi\u00e7\u00e3o.<\/p>\n<p>O j\u00fari da audi\u00e7\u00e3o ser\u00e1 composto pelos professores dos respectivos estilos de dan\u00e7a acompanhados do director da ODA:<br \/>\nContempor\u00e2neo &#8211; Eron Pimenta (Professor e Core\u00f3grafa)<br \/>\nJazz, Show, Latinas &#8211; In\u00eas Gameiro (Professora e Core\u00f3grafa)<br \/>\nHip-Hop e Commercial Dance &#8211; R\u00faben Soares (Professor e Core\u00f3grafo)<br \/>\nPedro Fidalgo Marques (Director da Oeiras Dance Academy)<\/p>\n<p>Os ensaios coreogr\u00e1ficos ser\u00e3o aos S\u00e1bados:<br \/>\n10h &#8211; Hip-Hop\/Commercial<br \/>\n11:15h &#8211; Contempor\u00e2neo<br \/>\n12:30h &#8211; Jazz<\/p>\n<p>\u00c9 obrigat\u00f3ria a frequ\u00eancia m\u00ednima de tr\u00eas aulas de t\u00e9cnica semanais na Oeiras Dance Academy.<span class=\"Apple-converted-space\">\u00a0<\/span><\/p>\n<p>A frequ\u00eancia das turmas de competi\u00e7\u00e3o tem um custo de 20\u20ac por cada grupo\/t\u00e9cnica de competi\u00e7\u00e3o.<\/p>\n<p>A inscri\u00e7\u00e3o nas turma de competi\u00e7\u00e3o implica a compra do pack do fato de treino, sweat-tshirt e t-shirt da ODA estampadas com o nome e bandeira de Portugal com um valor de 50\u20ac.<\/p>\n<p>A inscri\u00e7\u00e3o para as audi\u00e7\u00f5es \u00e9 obrigat\u00f3ria at\u00e9 6 de Outubro, em oeirasdance.pt\/<\/p>\n<p>Os hor\u00e1rios e grupos da audi\u00e7\u00e3o ser\u00e3o comunicados no dia 7 de Outubro.<\/p>\n<p>Qualquer d\u00favida poder\u00e3o esclarecer para o email\u00a0<a href=\"mailto:geral@oeirasdance.pt.\">geral@oeirasdance.pt.<\/a><\/p>","protected":false},"excerpt":{"rendered":"<p>No dia 8 de Outubro, ir\u00e3o realizar-se as audi\u00e7\u00f5es paras as turmas de Competi\u00e7\u00e3o da Oeiras Dance Academy (em hor\u00e1rio a definir consoante os grupos) A Oeiras Dance Academy ir\u00e1 seleccionar o grupo de alunos para representar a escola em festivais e competi\u00e7\u00f5es de dan\u00e7a nacionais e internacionais. Faz parte da miss\u00e3o da escola promover [&hellip;]<\/p>\n","protected":false},"author":1,"featured_media":7581,"comment_status":"closed","ping_status":"closed","template":"","tags":[],"mec_category":[],"class_list":["post-7578","mec-events","type-mec-events","status-publish","has-post-thumbnail","hentry"],"_links":{"self":[{"href":"https:\/\/oeirasdance.pt\/en\/wp-json\/wp\/v2\/mec-events\/7578","targetHints":{"allow":["GET"]}}],"collection":[{"href":"https:\/\/oeirasdance.pt\/en\/wp-json\/wp\/v2\/mec-events"}],"about":[{"href":"https:\/\/oeirasdance.pt\/en\/wp-json\/wp\/v2\/types\/mec-events"}],"author":[{"embeddable":true,"href":"https:\/\/oeirasdance.pt\/en\/wp-json\/wp\/v2\/users\/1"}],"replies":[{"embeddable":true,"href":"https:\/\/oeirasdance.pt\/en\/wp-json\/wp\/v2\/comments?post=7578"}],"wp:featuredmedia":[{"embeddable":true,"href":"https:\/\/oeirasdance.pt\/en\/wp-json\/wp\/v2\/media\/7581"}],"wp:attachment":[{"href":"https:\/\/oeirasdance.pt\/en\/wp-json\/wp\/v2\/media?parent=7578"}],"wp:term":[{"taxonomy":"post_tag","embeddable":true,"href":"https:\/\/oeirasdance.pt\/en\/wp-json\/wp\/v2\/tags?post=7578"},{"taxonomy":"mec_category","embeddable":true,"href":"https:\/\/oeirasdance.pt\/en\/wp-json\/wp\/v2\/mec_category?post=7578"}],"curies":[{"name":"wp","href":"https:\/\/api.w.org\/{rel}","templated":true}]}}

2ª Audição Grupos de Competição

<p>No dia 8 de Outubro, irão realizar-se as audições paras as turmas de Competição da Oeiras Dance Academy (em horário a definir consoante os grupos)</p>
<p>A Oeiras Dance Academy irá seleccionar o grupo de alunos para representar a escola em festivais e competições de dança nacionais e internacionais.</p>
<p>Faz parte da missão da escola promover o desenvolvimento artístico dos nossos alunos e acreditamos que a participação destes neste tipo de eventos, promove o desenvolvimento da sua maturidade performativa, assim como, o apuramento da técnica da dança e sua consequente avaliação e recompensa. A competitividade é fomentada de forma saudável, passando mais por um incentivo à socialização, compromisso, dedicação, disciplina, gratificação pessoal e possibilidade de imersão artística!</p>
<p>Após a selecção dos alunos, ir-se-à delinear um plano de candidatura para os diferentes festivais e competições, baseado nas potencialidades dos alunos.</p>
<p>Idade mínima: 8 anos</p>
<p>Critérios de Avaliação:<br />
&#8211; técnica de dança<br />
&#8211; expressividade<br />
&#8211; capacidade de memorização de coreografia<br />
&#8211; potencial de evolução</p>
<p>Estrutura da Audição:<br />
&#8211; Breve aquecimento técnico<br />
&#8211; Passagem de coreografia pelo coreógrafo do estilo.<br />
&#8211; Mostra de coreografias feitas pelos candidatos (estas coreografias devem ter no máximo 1 minuto, e servem para avaliar a capacidade interpretativa do candidato; devem enviar a música por email até 24 horas antes.)</p>
<p>Os resultados serão anunciados na semana após a audição.</p>
<p>O júri da audição será composto pelos professores dos respectivos estilos de dança acompanhados do director da ODA:<br />
Contemporâneo &#8211; Eron Pimenta (Professor e Coreógrafa)<br />
Jazz, Show, Latinas &#8211; Inês Gameiro (Professora e Coreógrafa)<br />
Hip-Hop e Commercial Dance &#8211; Rúben Soares (Professor e Coreógrafo)<br />
Pedro Fidalgo Marques (Director da Oeiras Dance Academy)</p>
<p>Os ensaios coreográficos serão aos Sábados:<br />
10h &#8211; Hip-Hop/Commercial<br />
11:15h &#8211; Contemporâneo<br />
12:30h &#8211; Jazz</p>
<p>É obrigatória a frequência mínima de três aulas de técnica semanais na Oeiras Dance Academy.<span class="Apple-converted-space"> </span></p>
<p>A frequência das turmas de competição tem um custo de 20€ por cada grupo/técnica de competição.</p>
<p>A inscrição nas turma de competição implica a compra do pack do fato de treino, sweat-tshirt e t-shirt da ODA estampadas com o nome e bandeira de Portugal com um valor de 50€.</p>
<p>A inscrição para as audições é obrigatória até 6 de Outubro, em oeirasdance.pt/</p>
<p>Os horários e grupos da audição serão comunicados no dia 7 de Outubro.</p>
<p>Qualquer dúvida poderão esclarecer para o email <a href="mailto:geral@oeirasdance.pt.">geral@oeirasdance.pt.</a></p>

<p>No dia 8 de Outubro, irão realizar-se as audições paras as turmas de Competição da Oeiras Dance Academy (em horário a definir consoante os grupos) A Oeiras Dance Academy irá seleccionar o grupo de alunos para representar a escola em festivais e competições de dança nacionais e internacionais. Faz parte da missão da escola promover [&hellip;]</p>
