{"id":7136,"date":"2022-05-26T17:00:25","date_gmt":"2022-05-26T17:00:25","guid":{"rendered":"https:\/\/oeirasdance.pt\/?post_type=mec-events&amp;p=7136"},"modified":"2022-05-26T17:00:25","modified_gmt":"2022-05-26T17:00:25","slug":"viii-gala-oeiras-dance-academy","status":"publish","type":"mec-events","link":"https:\/\/oeirasdance.pt\/en\/events\/viii-gala-oeiras-dance-academy\/","title":{"rendered":"VIII Gala Oeiras Dance Academy"},"content":{"rendered":"<p>No dia 18 de Junho pelas 17h e pelas 21h no palco principal das Festas de Oeiras ir\u00e1 decorrer a VIII Gala Oeiras Dance Academy onde ser\u00e1 apresentado o trabalho desenvolvido ao longo do ano levando a\u00a0espet\u00e1culo cerca de 400 alunos de 59 turmas, em 24 estilos diferentes.<\/p>\n<p><br class=\"\" \/>Ser\u00e1 um espet\u00e1culo din\u00e2mico que envolver\u00e1 toda a comunidade dos 3 aos 79 anos de idade abrangendo uma diversidade de estilos fascinante. O espet\u00e1culo das 17h ser\u00e1 dedicado \u00e0s crian\u00e7as e adolescentes e o\u00a0das 21h aos adultos.\u00a0<br class=\"\" \/>A Oeiras Dance Academy \u00e9 uma associa\u00e7\u00e3o cultural situada no Centro Hist\u00f3rico de Oeiras com o objetivo de levar a dan\u00e7a a todos, defendendo que a dan\u00e7a e a cultura devem ser acess\u00edveis para todos\u00a0independentemente da sua condi\u00e7\u00e3o socioecon\u00f3mica.<\/p>\n<p><br class=\"\" \/>Dos 2 aos 90 anos, a dan\u00e7a \u00e9 uma das atividades art\u00edsticas e f\u00edsicas mais abrangente que inclui desde quem tem objetivos t\u00e9cnicos pretendendo ser bailarino, a quem tem objetivos l\u00fadico-art\u00edsticos ou a quem\u00a0tem objetivos de melhoria da sa\u00fade.<br class=\"\" \/>A Oeiras Dance Academy surgiu em Setembro de 2014 para dar resposta a uma lacuna no ensino de Dan\u00e7a em Oeiras. Tornando-se um espa\u00e7o cultural de proximidade com um ensino de excel\u00eancia por\u00a0professores credenciados e acolhendo e dinamizando diversos projectos e companhias profissionais de dan\u00e7a.<\/p>\n<p><br class=\"\" \/>A Oeiras Dance Academy tem contribu\u00eddo para a revitaliza\u00e7\u00e3o do Centro Hist\u00f3rico de Oeiras prestando um servi\u00e7o cultural de qualidade, atraindo assim um maior n\u00famero de visitantes ao Centro Hist\u00f3rico. A\u00a0associa\u00e7\u00e3o conseguiu tamb\u00e9m aumentar a resposta cultural e educativa no Concelho complementando a oferta j\u00e1 existente noutros sectores e localidades assim como divulgar Oeiras nacionalmente e\u00a0internacionalmente atrav\u00e9s de representa\u00e7\u00f5es e da organiza\u00e7\u00e3o de eventos, festivais e concursos.<br class=\"\" \/>Ap\u00f3s dois anos de pandemia, voltamos aos palcos para uma noite m\u00e1gica repleta de cor, alegria, m\u00fasica, e claro, muita dan\u00e7a.<\/p>","protected":false},"excerpt":{"rendered":"<p>No dia 18 de Junho pelas 17h e pelas 21h no palco principal das Festas de Oeiras ir\u00e1 decorrer a VIII Gala Oeiras Dance Academy onde ser\u00e1 apresentado o trabalho desenvolvido ao longo do ano levando a\u00a0espet\u00e1culo cerca de 400 alunos de 59 turmas, em 24 estilos diferentes. Ser\u00e1 um espet\u00e1culo din\u00e2mico que envolver\u00e1 toda [&hellip;]<\/p>\n","protected":false},"author":1,"featured_media":7137,"comment_status":"closed","ping_status":"closed","template":"","tags":[30,33],"mec_category":[31],"class_list":["post-7136","mec-events","type-mec-events","status-publish","has-post-thumbnail","hentry","tag-espetaculo","tag-gala","mec_category-espetaculos"],"_links":{"self":[{"href":"https:\/\/oeirasdance.pt\/en\/wp-json\/wp\/v2\/mec-events\/7136","targetHints":{"allow":["GET"]}}],"collection":[{"href":"https:\/\/oeirasdance.pt\/en\/wp-json\/wp\/v2\/mec-events"}],"about":[{"href":"https:\/\/oeirasdance.pt\/en\/wp-json\/wp\/v2\/types\/mec-events"}],"author":[{"embeddable":true,"href":"https:\/\/oeirasdance.pt\/en\/wp-json\/wp\/v2\/users\/1"}],"replies":[{"embeddable":true,"href":"https:\/\/oeirasdance.pt\/en\/wp-json\/wp\/v2\/comments?post=7136"}],"wp:featuredmedia":[{"embeddable":true,"href":"https:\/\/oeirasdance.pt\/en\/wp-json\/wp\/v2\/media\/7137"}],"wp:attachment":[{"href":"https:\/\/oeirasdance.pt\/en\/wp-json\/wp\/v2\/media?parent=7136"}],"wp:term":[{"taxonomy":"post_tag","embeddable":true,"href":"https:\/\/oeirasdance.pt\/en\/wp-json\/wp\/v2\/tags?post=7136"},{"taxonomy":"mec_category","embeddable":true,"href":"https:\/\/oeirasdance.pt\/en\/wp-json\/wp\/v2\/mec_category?post=7136"}],"curies":[{"name":"wp","href":"https:\/\/api.w.org\/{rel}","templated":true}]}}

<p>No dia 18 de Junho pelas 17h e pelas 21h no palco principal das Festas de Oeiras irá decorrer a VIII Gala Oeiras Dance Academy onde será apresentado o trabalho desenvolvido ao longo do ano levando a espetáculo cerca de 400 alunos de 59 turmas, em 24 estilos diferentes.</p>
<p><br class="" />Será um espetáculo dinâmico que envolverá toda a comunidade dos 3 aos 79 anos de idade abrangendo uma diversidade de estilos fascinante. O espetáculo das 17h será dedicado às crianças e adolescentes e o das 21h aos adultos. <br class="" />A Oeiras Dance Academy é uma associação cultural situada no Centro Histórico de Oeiras com o objetivo de levar a dança a todos, defendendo que a dança e a cultura devem ser acessíveis para todos independentemente da sua condição socioeconómica.</p>
<p><br class="" />Dos 2 aos 90 anos, a dança é uma das atividades artísticas e físicas mais abrangente que inclui desde quem tem objetivos técnicos pretendendo ser bailarino, a quem tem objetivos lúdico-artísticos ou a quem tem objetivos de melhoria da saúde.<br class="" />A Oeiras Dance Academy surgiu em Setembro de 2014 para dar resposta a uma lacuna no ensino de Dança em Oeiras. Tornando-se um espaço cultural de proximidade com um ensino de excelência por professores credenciados e acolhendo e dinamizando diversos projectos e companhias profissionais de dança.</p>
<p><br class="" />A Oeiras Dance Academy tem contribuído para a revitalização do Centro Histórico de Oeiras prestando um serviço cultural de qualidade, atraindo assim um maior número de visitantes ao Centro Histórico. A associação conseguiu também aumentar a resposta cultural e educativa no Concelho complementando a oferta já existente noutros sectores e localidades assim como divulgar Oeiras nacionalmente e internacionalmente através de representações e da organização de eventos, festivais e concursos.<br class="" />Após dois anos de pandemia, voltamos aos palcos para uma noite mágica repleta de cor, alegria, música, e claro, muita dança.</p>

<p>No dia 18 de Junho pelas 17h e pelas 21h no palco principal das Festas de Oeiras irá decorrer a VIII Gala Oeiras Dance Academy onde será apresentado o trabalho desenvolvido ao longo do ano levando a espetáculo cerca de 400 alunos de 59 turmas, em 24 estilos diferentes. Será um espetáculo dinâmico que envolverá toda [&hellip;]</p>
